culate the remainder when 387 is divided by w.
27
Suppose 4*k - 2*k - 8 = 0. Let v be k/6 + ((-116)/(-3))/2. Calculate the remainder when ((-42)/(-4))/(15/v) is divided by 8.
6
Let s(f) = 5*f + 14. Let o be s(2). Let w(l) = 4*l - 60. What is the remainder when 65 is divided by w(o)?
29
Let s(z) = z**3 + 16*z**2 - 813*z - 2. Calculate the remainder when s(22) is divided by 187.
130
Let t(h) = 8*h + 469. What is the remainder when 223 is divided by t(-36)?
42
Suppose -15 = 3*f, -5*p - f - 4*f - 300 = 0. Let n = p + 61. Calculate the remainder when (3 + 0)/(n/266) is divided by 17.
14
Let a be 282 + (1*(-6)/(-2) - 7). Suppose 10*z = 182 + a. What is the remainder when 146 is divided by z?
8
Let l = 46 + -44. Let h(y) = -24*y + 3. Let j be h(-6). Suppose -l*z + j = z. What is the remainder when z is divided by 26?
23
Let z = -8279 + 8331. Calculate the remainder when 71 is divided by z.
19
Let k(t) = 58*t - 19. Suppose 70 - 60 = 5*j. What is the remainder when k(j) is divided by 34?
29
Calculate the remainder when 105276/341 + 18/66 is divided by 42.
15
Let o = -343 + 596. Let j = 263 - o. Calculate the remainder when 21 is divided by j.
1
Let h be 2/((-48)/4) - 19/(-6). Suppose 5*k - 4*j + h*j - 793 = 0, -5*k + 2*j + 791 = 0. Calculate the remainder when k is divided by 20.
19
Suppose 59*z = -73*z - 41*z + 1903. Let x be (-60)/(-33) + (-4)/(-22). Suppose r - 51 = -x*r. Calculate the remainder when r is divided by z.
6
Let g be (2 + 6/(-4))*-8. Calculate the remainder when (4/(-14))/((-3)/21) - -113 is divided by 65*(42/10 + g).
11
What is the remainder when (10 - 2)/24 - (-2 + (-17007)/9) is divided by 12?
8
Let c = -324 + 286. Let f(d) = d**2 + 34*d - 142. What is the remainder when 397 is divided by f(c)?
7
Suppose 3*u + 366 = -2*r + 1077, -2*u - 3*r + 479 = 0. Suppose -488 = u*g - 243*g. What is the remainder when g is divided by 18?
7
Suppose 11*w + 37*w - 3888 = 0. Let u = w + -65. Calculate the remainder when u is divided by 7.
2
Let d(l) = -38*l + 1. Let u be d(-1). Suppose -2*m + 21 = 2*w - u, -w = -2*m + 69. What is the remainder when -3*(-2 + 3) + 166 is divided by m?
31
Suppose -70*u - 65*u + 61155 = -90*u. What is the remainder when u is divided by 26?
7
Suppose 0 = s + 5*m - 785, -21 + 36 = 5*m. Calculate the remainder when s is divided by 112.
98
Suppose 150 = 16*p - 19*p. Let l = -9 - p. Let k = 12 - -9. What is the remainder when l is divided by k?
20
Suppose 3*f + 36 = 3*w, 27 = 4*w + f - 11. Suppose 0 = 3*v + 12, -w*p - v = -15*p + 954. What is the remainder when p is divided by 32?
30
Calculate the remainder when (-2 - 20560/(-24))/((-2)/(-6)) is divided by 135.
134
Let i(c) = -c**3 - 156*c**2 + 147*c - 1202. What is the remainder when i(-157) is divided by 65?
43
Let q = -11377 - -11942. What is the remainder when q is divided by 137?
17
Let m(f) = f**2 - 2*f - 4. Let d be m(-4). Suppose -2*h = -4*h + d. Let i = -9456 - -9564. What is the remainder when i is divided by h?
8
Let t(g) = -g**3 - 6*g**2 + 24*g + 131. What is the remainder when 192 is divided by t(-4)?
0
What is the remainder when 64 is divided by -1 + 25 + (-1720)/(-172)?
30
Let m(a) = 4*a**2 - 4*a + 3. Let d be m(1). Let k(h) = 15*h - 12. Calculate the remainder when k(d) is divided by 10.
3
Suppose 2*c - 21 = -5*p, 0 = 43*c - 44*c - 3*p + 12. What is the remainder when 250 is divided by c?
1
Suppose 7 = y - 2. Let a(j) = -11*j**2 + j**3 + 0*j + j - 14*j + 2*j - 20 + 34*j. What is the remainder when a(y) is divided by 7?
4
Let y = 406 - 390. Let z(l) = -253*l**3 + 1. Calculate the remainder when z(-1) is divided by y.
14
Suppose 3*k - 8 = 7. Let t(x) be the third derivative of x**5/12 - x**4/8 - 11*x**3/6 + 338*x**2 + 3. What is the remainder when t(k) is divided by 21?
15
Suppose 4*r - 2*z - 109 - 47 = 0, -3*r + 106 = 4*z. Suppose -4 = 2*c - 14. Suppose -536 = -c*m + 14. Calculate the remainder when m is divided by r.
34
Suppose -3*b - 2*l - 359 = -10*b, 3*b = l + 154. What is the remainder when 1779 is divided by b?
45
Suppose -5*x = -4*h - 212, 5*h - 183 = -5*x + 2. Calculate the remainder when x is divided by ((-16)/(-12))/(4/18).
4
Let p(t) = -t**2 - 28*t - 40. Let i be p(-31). Let m = 140 + i. What is the remainder when 37 is divided by m?
2
Suppose 72*n + 20*n = 53*n + 1248. Suppose 5*c + 20 = 0, 4*c - 2 = 3*j - 24. Suppose -6*u + 636 = -j*u. Calculate the remainder when u is divided by n.
31
Let a(w) = 3*w**2 + 6*w. Let r be a(0). Suppose -10 = -5*z - r*z, -2*m = 4*z - 74. Suppose 0*k = 2*k - 14. Calculate the remainder when m is divided by k.
5
Suppose -8 = 4*d - 0, -5*p - 4*d = -897. Let n = -143 + p. What is the remainder when 151 is divided by n?
37
Let c be (43 + -44)/((-2)/(-794)). Let l = c - -445. What is the remainder when 158 is divided by l?
14
Let n be (-1011)/(-24) + -4 - 1/8. Let r = n + -28. Calculate the remainder when 105 is divided by r.
5
Suppose -3*c + 15 = 3*b, -4*c + 4*b + 2 = -18. Suppose 0 = -3*v - c*d + 358 + 664, 0 = 5*v + 4*d - 1686. Calculate the remainder when v is divided by 14.
12
Suppose 0*w + 16*w = -w + 51. Suppose -2*i = q - 7, 3*q - 5*i + 29 = -i. Calculate the remainder when w is divided by (-1)/(2 + q)*1.
0
Suppose 6*k + 55 + 65 = 0. Let x = k + 24. Suppose -w + 3 = -x. What is the remainder when 27 is divided by w?
6
Let x = 47 + -55. Let c(y) = -7*y - 45. Calculate the remainder when 185 is divided by c(x).
9
Let n(v) = -v**3 - 29*v**2 + 182*v + 6441. What is the remainder when n(-28) is divided by 1032/11 + 4/22?
91
Let q = -3201 - -3206. What is the remainder when 23 is divided by q?
3
Let t(f) = -2*f**2 + f. Let a(r) = -33*r**2 + 9*r - 3. Let w(b) = -a(b) + 12*t(b). Calculate the remainder when 96 is divided by w(-2).
30
Let a = 29 - 20. Let x be 1*((1*72)/3 - -2). Let d = x + -12. What is the remainder when d is divided by a?
5
Let u = 14873 + -14675. Calculate the remainder when 2356 is divided by u.
178
Let v = 110 + -107. Suppose 170 = -v*a - 7*a. Let x = a - -73. Calculate the remainder when x is divided by 30.
26
Suppose -5*o = -7*q - 240, 2*o - 228*q = -230*q + 120. Suppose 4*h - 2*h = 16. Calculate the remainder when o is divided by h.
7
Let w(j) = -2*j - 17. Suppose -7*s = -509 + 236. Calculate the remainder when s is divided by w(-16).
9
What is the remainder when 20/(-25) + -143*304/(-40) is divided by 36?
6
Let i(a) = 5*a + 40. Let w be i(-8). Suppose h = 4*m - 97, w*h - 4*h + 137 = 5*m. Let u = m + -2. Calculate the remainder when 136 is divided by u.
21
What is the remainder when 949 is divided by (7260/(-5445))/((16/(-234))/2)?
13
Let t = 46 - 41. Suppose t = c, 4*k - 3*c - 11 = 10. Calculate the remainder when 7 is divided by (k/36)/((-3)/(-12)).
0
Let g be 4/(-16)*(-2 + -2). Let s be 896/(-40)*(-5)/g. Suppose -4*o + s = 4*d, 0*d = 4*d - o - 117. Calculate the remainder when d is divided by 15.
14
Let m = 174 + -171. Suppose 3*t = -6, 0 = -p + 2*t - m*t + 33. Calculate the remainder when p is divided by 23.
12
Let h(x) = -x + 2. Let q be h(6). Let n = q + 9. Calculate the remainder when 236/13 + (-130)/845 is divided by n.
3
Let f = 143 - 121. Calculate the remainder when ((-74)/(-4))/((-5)/(-10)) is divided by f.
15
Suppose 1232*o = 1244*o - 3024. Calculate the remainder when o is divided by 55.
32
Let q be 38979/69 + 24/276. Let w = q + -287. Calculate the remainder when w is divided by 14.
12
Let r = 5896 - 5884. Calculate the remainder when 511 is divided by r.
7
Let l(k) = 27*k**2 - 25*k + 68. Calculate the remainder when l(3) is divided by 33.
5
Let m(y) = 2*y**3 + 4*y**2 + 3*y + 2. Let l be m(-2). Calculate the remainder when 274 is divided by (-4 - l - 2)*(-94)/4.
39
Suppose 9*m - 3124 - 215 = 0. Suppose 760 = -113*p + 121*p. Calculate the remainder when m is divided by p.
86
Let h(u) = -u**3 - 3*u**2 - u. What is the remainder when (-673)/(-9) + 2/9 is divided by h(-4)?
15
Let w(s) = -5*s**3 - 3*s**2 - 2*s - 19. Let n be w(-6). Suppose 7*p + n = 4451. Suppose -36*i = -39*i + p. What is the remainder when i is divided by 28?
26
Suppose -2*v - 16 = 4*c, c - 8 = -3*c. Let s(h) = 3*h + 49. What is the remainder when 62 is divided by s(v)?
10
Let q = -1312 + 1866. Suppose 5*y + 0*y + 116 = k, -4*k + 2*y + q = 0. Suppose 0 = -137*g + 140*g - 36. What is the remainder when k is divided by g